he prime factors of 1559718.
2, 3, 73, 1187
List the prime factors of 2440607911.
7, 348658273
What are the prime factors of 2932082?
2, 719, 2039
What are the prime factors of 2206869124?
2, 449, 1013, 1213
List the prime factors of 41944455.
3, 5, 7, 133157
List the prime factors of 200927340.
2, 3, 5, 499, 2237
List the prime factors of 189027504.
2, 3, 19, 59, 1171
What are the prime factors of 55015282?
2, 7, 73, 53831
List the prime factors of 4423954835.
5, 884790967
What are the prime factors of 242048191?
7, 11, 37, 53, 229
What are the prime factors of 12986568?
2, 3, 7, 409
List the prime factors of 2668137445.
5, 239, 2232751
List the prime factors of 7594974841.
229, 33165829
List the prime factors of 38594626.
2, 7, 37, 74507
What are the prime factors of 40814882?
2, 2089, 9769
What are the prime factors of 386812333?
109, 3548737
What are the prime factors of 18834944?
2, 36787
List the prime factors of 3936339295.
5, 7, 16066691
List the prime factors of 18619156.
2, 89, 52301
List the prime factors of 32754555.
3, 5, 727879
List the prime factors of 9581176.
2, 11, 108877
List the prime factors of 72816858.
2, 3, 4045381
List the prime factors of 596715951.
3, 13, 15300409
List the prime factors of 1451908660.
2, 5, 6311, 11503
What are the prime factors of 59264896?
2, 193, 2399
List the prime factors of 13717661.
1523, 9007
List the prime factors of 905345478.
2, 3, 19, 43, 20521
List the prime factors of 7786773390.
2, 3, 5, 11, 59, 399937
What are the prime factors of 100313799?
3, 31, 1078643
List the prime factors of 25037632.
2, 67, 5839
List the prime factors of 9520169.
109, 167, 523
List the prime factors of 359062583.
11, 32642053
List the prime factors of 5618882214.
2, 3, 11, 28378193
List the prime factors of 32518604.
2, 127, 64013
List the prime factors of 63728088.
2, 3, 503, 5279
List the prime factors of 328200091.
19, 17273689
What are the prime factors of 34334369?
34334369
List the prime factors of 134038367.
2579, 51973
What are the prime factors of 29679896?
2, 31, 119677
List the prime factors of 150693144.
2, 3, 7, 896983
What are the prime factors of 5299507562?
2, 41, 73, 127, 6971
What are the prime factors of 225843551?
225843551
What are the prime factors of 2086197129?
3, 23, 10078247
List the prime factors of 110835726.
2, 3, 31, 179, 3329
What are the prime factors of 18191542?
2, 61, 149111
List the prime factors of 6097512.
2, 3, 83, 3061
List the prime factors of 223431850.
2, 5, 17, 83, 3167
List the prime factors of 3366282328.
2, 101, 4166191
List the prime factors of 4182598683.
3, 173, 2686319
What are the prime factors of 5729145?
3, 5, 381943
List the prime factors of 242691607.
23, 293, 36013
List the prime factors of 516311865.
3, 5, 761, 15077
What are the prime factors of 70960394?
2, 967, 36691
What are the prime factors of 593482522?
2, 7687, 38603
List the prime factors of 256111692.
2, 3, 21342641
List the prime factors of 1038778534.
2, 519389267
List the prime factors of 14930875.
5, 119447
What are the prime factors of 35249348?
2, 283, 31139
List the prime factors of 369581034.
2, 3, 61596839
List the prime factors of 159784568.
2, 19973071
List the prime factors of 1036627753.
7, 83, 1784213
What are the prime factors of 70563158?
2, 17, 2075387
List the prime factors of 3925884.
2, 3, 479, 683
List the prime factors of 1279833567.
3, 947, 450487
What are the prime factors of 1153089168?
2, 3, 7, 11, 6367
What are the prime factors of 1023013359?
3, 113668151
List the prime factors of 37430045.
5, 7486009
What are the prime factors of 4979193012?
2, 3, 41, 431, 2609
List the prime factors of 86702579.
79, 1097501
What are the prime factors of 165367685?
5, 7, 53, 239, 373
List the prime factors of 1598363890.
2, 5, 743, 215123
List the prime factors of 85600511.
71, 181, 6661
What are the prime factors of 519910481?
519910481
List the prime factors of 587643925.
5, 11, 71, 30097
What are the prime factors of 90566484?
2, 3, 1367, 5521
What are the prime factors of 29852544?
2, 3, 17, 269
What are the prime factors of 1857686010?
2, 3, 5, 37, 1673591
List the prime factors of 71470859.
43, 641, 2593
What are the prime factors of 69977021?
69977021
List the prime factors of 397087773.
3, 31, 251, 17011
What are the prime factors of 295219238?
2, 311, 474629
List the prime factors of 40803746.
2, 53, 384941
What are the prime factors of 57452862?
2, 3, 811, 11807
List the prime factors of 929835554.
2, 83, 283, 19793
List the prime factors of 143207262.
2, 3, 11, 723269
List the prime factors of 451025975.
5, 23, 31, 25303
What are the prime factors of 18275383?
7, 53281
What are the prime factors of 3704620225?
5, 29, 5109821
List the prime factors of 3034578912.
2, 3, 31610197
What are the prime factors of 832634008?
2, 503, 206917
What are the prime factors of 64455015?
3, 5, 4297001
What are the prime factors of 146720636?
2, 859, 42701
List the prime factors of 2416551136.
2, 149, 367, 1381
What are the prime factors of 129918961?
4007, 32423
What are the prime factors of 228615030?
2, 3, 5, 7, 19, 71, 269
List the prime factors of 905075574.
2, 3, 13, 37, 41, 7649
What are the prime factors of 684407969?
7, 6421, 15227
What are the prime factors of 49710860?
2, 5, 41, 60623
What are the prime factors of 3274028769?
3, 11, 9019363
List the prime factors of 394073277.
3, 13, 17, 594379
List the prime factors of 286809347.
11, 199, 131023
What are the prime factors of 114007871?
114007871
What are the prime factors of 17658220?
2, 5, 19, 31, 1499
What are the prime factors of 16711702?
2, 7, 1193693
List the prime factors of 3458053316.
2, 12161, 71089
What are the prime factors of 121227253?
7, 239, 72461
What are the prime factors of 2523847809?
3, 7, 120183229
List the prime factors of 83258162.
2, 13, 3202237
List the prime factors of 2760505670.
2, 5, 13, 31, 684989
What are the prime factors of 269628158?
2, 3253, 41443
What are the prime factors of 602150974?
2, 97, 3103871
List the prime factors of 26853566.
2, 13426783
List the prime factors of 2862111394.
2, 31, 37, 1247651
List the prime factors of 183881000.
2, 5, 183881
What are the prime factors of 859193538?
2, 3, 7, 163, 17929
List the prime factors of 32907145.
5, 19, 346391
List the prime factors of 1024714224.
2, 3, 7116071
What are the prime factors of 781612178?
2, 281, 1069, 1301
List the prime factors of 72580265.
5, 1327, 10939
List the prime factors of 3526816440.
2, 3, 5, 7, 29, 144779
What are the prime factors of 185202329?
13, 19, 749807
What are the prime factors of 118573036?
2, 29643259
What are the prime factors of 19662515?
5, 3932503
What are the prime factors of 217194289?
13, 16707253
List the prime factors of 2839429767.
3, 946476589
List the prime factors of 1320647887.
13, 101588299
List the prime factors of 119555586.
2, 3, 6641977
What are the prime factors of 3603285453?
3, 1201095151
What are the prime factors of 260959820?
2, 5, 11, 1186181
What are the prime factors of 33172227?
3, 11, 61, 1831
What are the prime factors of 239981210?
2, 5, 7, 19, 180437
List the prime factors of 5515874894.
2, 41, 67266767
List the prime factors of 153164250.
2, 3, 5, 22691
What are the prime factors of 109955369?
3163, 34763
List the prime factors of 173964903.
3, 7, 881, 9403
What are the prime factors of 295548340?
2, 5, 163, 90659
List the prime factors of 67866736.
2, 7, 605953
List the prime factors of 114096337.
31, 3680527
List the prime factors of 4264168824.
2, 3, 83, 373, 1913
List the prime factors of 2319995733.
3, 11, 6521, 10781
List the prime factors of 150442753.
397, 378949
What are the prime factors of 1625756173?
23, 70685051
List the prime factors of 1260445917.
3, 103, 127, 32119
List the prime factors of 225664402.
2, 4001, 28201
What are the prime factors of 54321434?
2, 27160717
List the prime factors of 113449260.
2, 3, 5, 97, 101, 193
What are the prime factors of 48870815?
5, 7, 83, 16823
List the prime factors of 43931032.
2, 1193, 4603
List the prime factors of 36672804.
2, 3, 7, 179, 271
What are the prime factors of 1103293489?
17, 67, 883, 1097
List the prime factors of 696761871.
3, 13, 17865689
What are the prime factors of 47394101?
823, 57587
List t